0111100110000011
In base 3, what is 11 - 211212210102201?
-211212210102120
In base 9, what is -254723 + 2488?
-252224
In base 16, what is 5a4542 - 4?
5a453e
In base 14, what is 4ca2 + -47?
4c59
In base 14, what is 30278 + -3?
30275
In base 6, what is -2 + 251010321?
251010315
In base 7, what is -1442355 + -354?
-1443042
In base 7, what is 1060305 - 56?
1060216
In base 9, what is -1083687 - -28?
-1083658
In base 5, what is -1314013421 - 10?
-1314013431
In base 15, what is 3379c8a1 - -4?
3379c8a5
In base 13, what is 10498 + -6b2?
cab6
In base 9, what is 11670 - 23721?
-12041
In base 12, what is 17 + 2702?
2719
In base 9, what is -74436 + -44?
-74481
In base 12, what is 11 + -147719?
-147708
In base 5, what is -12 - 21102113302?
-21102113314
In base 5, what is 10210332 - -101443?
10312330
In base 11, what is -16566a92 - -7?
-16566a86
In base 10, what is 255 + -167426?
-167171
In base 15, what is 4a4625 - 0?
4a4625
In base 6, what is 10520122 - -2?
10520124
In base 2, what is -1100 + 10100101100011011010001101?
10100101100011011010000001
In base 8, what is -12 - -53537167?
53537155
In base 13, what is -691546 + -1a?
-691563
In base 2, what is -1011110011 + 1001111011010110?
1001101111100011
In base 4, what is -3133313 + -230323?
-10030302
In base 3, what is -2 + -11210000210210?
-11210000210212
In base 7, what is -43 - -121501133?
121501060
In base 2, what is -10110100100010011011001110 + 111?
-10110100100010011011000111
In base 4, what is 331 - 133301310?
-133300313
In base 3, what is 10010 + -110001201111?
-110001121101
In base 3, what is -201122 + -1222000112?
-1222202011
In base 3, what is -1101221212122 + -12202?
-1101222002101
In base 7, what is 10153503 - -2?
10153505
In base 9, what is 10664864 + 213?
10665177
In base 11, what is -1 - -3830902?
3830901
In base 7, what is 2036 + 41045?
43114
In base 13, what is 3829b67 - 5?
3829b62
In base 11, what is -4a39 + -2742?
-7680
In base 6, what is -3051020 - 431?
-3051451
In base 10, what is -3 - -131698357?
131698354
In base 16, what is bb - fc8a?
-fbcf
In base 6, what is 1202243524 + 0?
1202243524
In base 2, what is 11010101001100101 - -11?
11010101001101000
In base 12, what is -493728 - b?
-493737
In base 12, what is -8033 + 12b?
-7b04
In base 13, what is -161 - a624?
-a785
In base 10, what is 64789 - -3930?
68719
In base 2, what is 10101100100001 + -10000101010?
10011011110111
In base 11, what is -270 + 1456?
1196
In base 9, what is 7311315 + 31?
7311346
In base 16, what is 48a1 + -e8?
47b9
In base 7, what is -122250532 - -40?
-122250462
In base 3, what is 10010 - -220202101220?
220202112000
In base 2, what is -100011011010000001011 - 1110000?
-100011011010001111011
In base 3, what is 101010012112122 + -2?
101010012112120
In base 16, what is d7be - -345?
db03
In base 6, what is 200235533 - -3?
200235540
In base 7, what is 130436 + -444?
126662
In base 15, what is 4a9 - -5c47?
6201
In base 4, what is -2333020030 - -3222?
-2333010202
In base 12, what is 712 + 1805?
2317
In base 3, what is 121000011011002 + 11?
121000011011020
In base 5, what is -134 - 20220024?
-20220213
In base 8, what is 146514223 + -3?
146514220
In base 3, what is -1 + -220211110121102?
-220211110121110
In base 11, what is 9269 - 25612?
-17354
In base 12, what is 349961b + a?
3499629
In base 10, what is -1267 - 56?
-1323
In base 6, what is 554220 + 232?
554452
In base 16, what is 71290d + -4?
712909
In base 3, what is 100 - -11222011210001?
11222011210101
In base 5, what is -21110 - -1233040?
1211430
In base 5, what is 23 - 2310211?
-2310133
In base 16, what is 978df - 21?
978be
In base 4, what is 3320 + 1021033230?
1021103210
In base 3, what is -120102000102 - -1?
-120102000101
In base 5, what is 1014402 + -33003?
431344
In base 5, what is -4220 + -1034223?
-1043443
In base 5, what is 22333032 + -32?
22333000
In base 9, what is 2038 + 23614?
25653
In base 7, what is 1 - 545611534?
-545611533
In base 8, what is -3 + 15414502?
15414477
In base 7, what is 1433300 - -4326?
1440626
In base 16, what is -96801a - -3?
-968017
In base 15, what is -451 - 275?
-6c6
In base 12, what is -16b2 - 169?
-185b
In base 6, what is 451 + -231143?
-230252
In base 3, what is 1102012121020 - -22002?
1102012220022
In base 14, what is 3 - c011?
-c00c
In base 10, what is 517101 + 22?
517123
In base 4, what is -22331022 - 2300?
-22333322
In base 14, what is -2d - 3d6d3?
-3d722
In base 11, what is -5 - 3a7072?
-3a7077
In base 6, what is 11014251 + 1211?
11015502
In base 8, what is -23632640 - 1?
-23632641
In base 4, what is 1233 - -1010302332?
1010310231
In base 13, what is -18 - 63066?
-63081
In base 4, what is -22102123310 + 311?
-22102122333
In base 3, what is 1000100 - 21020202?
-20020102
In base 10, what is -4576 - 443?
-5019
In base 10, what is -1089 - -9953?
8864
In base 9, what is -1663222 - 64?
-1663286
In base 4, what is -2200 + -22230002?
-22232202
In base 11, what is 1713759 + a?
1713768
In base 13, what is 212 - -13a8?
15ba
In base 3, what is -100020121 + -222110202?
-1022201100
In base 3, what is -200110 - -100211122211?
100210222101
In base 2, what is -1010101101001001011010 + -110000?
-1010101101001010001010
In base 4, what is -23103 - -11021?
-12022
In base 12, what is 22ab1 + 104a?
23b3b
In base 11, what is -115a851 + 25?
-115a827
In base 11, what is -7474208 - -3?
-7474205
In base 16, what is -4b2396 + -2?
-4b2398
In base 5, what is -11 - 3243341220?
-3243341231
In base 9, what is 441 - -144188?
144640
In base 13, what is a28b1 + -7c9?
a20b5
In base 2, what is -10001000011111011 + -1000011010?
-10001001100010101
In base 15, what is a - -34bb871?
34bb87b
In base 14, what is 2cb40b + -47?
2cb3a4
In base 5, what is -200303 + -204042?
-404400
In base 5, what is 11 - 2414443322?
-2414443311
In base 11, what is -69206095 + -3?
-69206098
In base 14, what is -1b803 - -50d?
-1b2d4
In base 4, what is 1111133132 + -202?
1111132330
In base 12, what is 1353 - 3a96?
-2743
In base 13, what is 2 - -234a667?
234a669
In base 6, what is -35544311412 - -4?
-35544311404
In base 3, what is -1220222010011 - -1022100?
-1220220210211
In base 12, what is -322b6470b + 0?
-322b6470b
In base 14, what is 1c397d11 - -5?
1c397d16
In base 8, what is -1733453 - -3?
-1733450
In base 6, what is -12504015 + 3?
-12504012
In base 14, what is 9b - -86726?
867c3
In base 9, what is 2801454 + -23?
2801431
In base 13, what is -510cb3 - -73?
-510c40
In base 11, what is 345 + -18851?
-18507
In base 11, what is -4592 - 21a8a?
-26571
In base 16, what is -55abb - 3?
-55abe
In base 10, what is -3037366 - 90?
-3037456
In base 9, what is 124118 + -754?
123254
In base 13, what is -3 + -2865618?
-286561b
In base 7, what is -102056023 - -3?
-102056020
In base 15, what is 0 + 1d6985d?
1d6985d
In base 14, what is -1b - 1a919?
-1a936
In base 4, what is 10110 - 321300211?
-321230101
In base 15, what is -1b186 - b1?
-1b247
In base 8, what is -1205 - -3523?
2316
In base 13, what is -28 + 4c456?
4c42b
In base 11, what is -26a6a43 + a1?
-26a6952
In base 8, what is 6331 - -2552?
11103
In base 7, what is 4034 - 544?
3160
In base 7, what is -52536642 - 6?
-52536651
In base 11, what is 3 - -26470022?
26470025
In base 8, what is -1 - -6007004?
6007003
In base 15, what is -e15aa4 + 4?
-e15aa0
In base 11, what is -2806 - -596?
-2220
In base 11, what is 5 - -68447?
68451
In base 11, what is 28163 - -2121?
2a284
In base 3, what is -1021121 - -1001222002?
1000200111
In base 5, what is 2312211232 + 0?
2312211232
In base 3, what is -12112222 - -22000000222?
21210111000
In base 6, what is -3 + -3210225340?
-3210225343
In base 3, what is 212200100111 + 22012?
212200122200
In base 5, what is 112303114 + -423?
112302141
In base 11, what is -7362 + -a4a4?
-16856
In base 10, what is 9389734 - 2?
9389732
In base 4, what is 102 + 2330231?
2330333
In base 13, what is 1a813 - -3cb?
1ac11
In base 4, what is 10313221120 + -22013?
10313133101
In base 6, what is 11122 + 4425205?
4440331
In base 13, what is -1c29 - 29822?
-2b74b
In base 5, what is -3 + -2123112044?
-2123112102
In base 5, what is -12030230 - 223?
-12031003
In base 3, what is -22002112221111 - 12?
-22002112221200
In base 3, what is -1220102 - 10212002?
-12202111
In base 6, what is 5135355133 + -3?
5135355130
In base 15, what is 6d3 + 2480b?
24ede
In bas